{"id":2,"date":"2019-05-20T19:10:33","date_gmt":"2019-05-20T17:10:33","guid":{"rendered":"http:\/\/produits-regionaux-guillestre.fr\/?page_id=2"},"modified":"2022-04-06T13:13:42","modified_gmt":"2022-04-06T11:13:42","slug":"painbiscuiterie","status":"publish","type":"page","link":"https:\/\/produits-regionaux-guillestre.fr\/index.php\/painbiscuiterie\/","title":{"rendered":"Pain-Biscuiterie"},"content":{"rendered":"<p>[et_pb_section fb_built=\u00a0\u00bb1&Prime; _builder_version=\u00a0\u00bb4.16&Prime; custom_padding=\u00a0\u00bb||18px|||\u00a0\u00bb global_colors_info=\u00a0\u00bb{}\u00a0\u00bb][et_pb_row _builder_version=\u00a0\u00bb4.16&Prime; hover_enabled=\u00a0\u00bb0&Prime; global_colors_info=\u00a0\u00bb{}\u00a0\u00bb sticky_enabled=\u00a0\u00bb0&Prime;][et_pb_column type=\u00a0\u00bb4_4&Prime; _builder_version=\u00a0\u00bb4.16&Prime; custom_padding=\u00a0\u00bb|||\u00a0\u00bb global_colors_info=\u00a0\u00bb{}\u00a0\u00bb custom_padding__hover=\u00a0\u00bb|||\u00a0\u00bb][et_pb_text _builder_version=\u00a0\u00bb4.16.1&Prime; text_font=\u00a0\u00bb||||||||\u00a0\u00bb background_color=\u00a0\u00bbrgba(255,231,145,0.37)\u00a0\u00bb text_orientation=\u00a0\u00bbcenter\u00a0\u00bb custom_padding=\u00a0\u00bb15px||7px\u00a0\u00bb hover_enabled=\u00a0\u00bb0&Prime; text_text_align=\u00a0\u00bbcenter\u00a0\u00bb global_colors_info=\u00a0\u00bb{}\u00a0\u00bb sticky_enabled=\u00a0\u00bb0&Prime;]<\/p>\n<h2>BISCUITERIE &#8211; TARTES<\/h2>\n<p>[\/et_pb_text][\/et_pb_column][\/et_pb_row][et_pb_row column_structure=\u00a0\u00bb2_3,1_3&Prime; _builder_version=\u00a0\u00bb4.16&Prime; global_colors_info=\u00a0\u00bb{}\u00a0\u00bb][et_pb_column type=\u00a0\u00bb2_3&Prime; _builder_version=\u00a0\u00bb4.16&Prime; global_colors_info=\u00a0\u00bb{}\u00a0\u00bb][et_pb_image src=\u00a0\u00bbhttps:\/\/produits-regionaux-guillestre.fr\/wp-content\/uploads\/2019\/06\/stand-biscuits.jpg\u00a0\u00bb _builder_version=\u00a0\u00bb4.16&Prime; global_colors_info=\u00a0\u00bb{}\u00a0\u00bb][\/et_pb_image][\/et_pb_column][et_pb_column type=\u00a0\u00bb1_3&Prime; _builder_version=\u00a0\u00bb4.16&Prime; global_colors_info=\u00a0\u00bb{}\u00a0\u00bb][et_pb_text _builder_version=\u00a0\u00bb4.16&Prime; global_colors_info=\u00a0\u00bb{}\u00a0\u00bb]<\/p>\n<h2 style=\"text-align: center;\">SABLES PUR BEURRE<\/h2>\n<p>Toute une gamme de sabl\u00e9s pur beurre<\/p>\n<p>Miel\/noix, vanille\/fleur d&rsquo;oranger, orange, citron, cannelle\/orange, anis, chocolat\/gingembre, noix\/chocolat, coco.<\/p>\n<p>Mais aussi de croquants aux amandes sucr\u00e9s et sal\u00e9s.<\/p>\n<p>Les croquants sal\u00e9s sont nouveaux et seront pr\u00eats pour cet \u00e9t\u00e9 : au fromage de ch\u00e8vre ou aux herbes.<\/p>\n<p>&nbsp;<\/p>\n<p>[\/et_pb_text][et_pb_image src=\u00a0\u00bbhttps:\/\/produits-regionaux-guillestre.fr\/wp-content\/uploads\/2020\/11\/photo-fab-biscuit.jpg\u00a0\u00bb title_text=\u00a0\u00bbphoto fab biscuit\u00a0\u00bb _builder_version=\u00a0\u00bb4.16&Prime; _module_preset=\u00a0\u00bbdefault\u00a0\u00bb global_colors_info=\u00a0\u00bb{}\u00a0\u00bb][\/et_pb_image][\/et_pb_column][\/et_pb_row][et_pb_row column_structure=\u00a0\u00bb3_5,2_5&Prime; _builder_version=\u00a0\u00bb4.16&Prime; global_colors_info=\u00a0\u00bb{}\u00a0\u00bb][et_pb_column type=\u00a0\u00bb3_5&Prime; _builder_version=\u00a0\u00bb4.16&Prime; global_colors_info=\u00a0\u00bb{}\u00a0\u00bb][et_pb_image src=\u00a0\u00bbhttps:\/\/produits-regionaux-guillestre.fr\/wp-content\/uploads\/2020\/11\/Alpe_Gourmande_010.jpg\u00a0\u00bb title_text=\u00a0\u00bbAlpe_Gourmande_010&Prime; _builder_version=\u00a0\u00bb4.16&Prime; global_colors_info=\u00a0\u00bb{}\u00a0\u00bb][\/et_pb_image][\/et_pb_column][et_pb_column type=\u00a0\u00bb2_5&Prime; _builder_version=\u00a0\u00bb4.16&Prime; global_colors_info=\u00a0\u00bb{}\u00a0\u00bb][et_pb_text _builder_version=\u00a0\u00bb4.16&Prime; global_colors_info=\u00a0\u00bb{}\u00a0\u00bb]<\/p>\n<h2 style=\"text-align: center;\">Tarte de l&rsquo;ALPE<\/h2>\n<p>Une tarte \u00e0 base d&rsquo;une p\u00e2te bris\u00e9e pur beurre sur laquelle j&rsquo;y rajoute de la confiture faite maison.\u00a0<\/p>\n<p>A la myrtille, \u00e0 la framboise<\/p>\n<p>Mais aussi la marguerite de l&rsquo;ALPE faite avec des tartelettes \u00e0 base de confitures diverses comme aabricot\/pignons ou fruits secs, argousier, pomme\/g\u00e9n\u00e9pi, cassis, m\u00fbres &#8230;&#8230;. suivant nos fabrications du moment<\/p>\n<p>[\/et_pb_text][\/et_pb_column][\/et_pb_row][et_pb_row column_structure=\u00a0\u00bb1_3,1_3,1_3&Prime; _builder_version=\u00a0\u00bb4.16&Prime; _module_preset=\u00a0\u00bbdefault\u00a0\u00bb global_colors_info=\u00a0\u00bb{}\u00a0\u00bb][et_pb_column type=\u00a0\u00bb1_3&Prime; _builder_version=\u00a0\u00bb4.16&Prime; _module_preset=\u00a0\u00bbdefault\u00a0\u00bb global_colors_info=\u00a0\u00bb{}\u00a0\u00bb][et_pb_image src=\u00a0\u00bbhttps:\/\/produits-regionaux-guillestre.fr\/wp-content\/uploads\/2021\/11\/photo-croust.jpg\u00a0\u00bb title_text=\u00a0\u00bbphoto croust\u00a0\u00bb _builder_version=\u00a0\u00bb4.16&Prime; _module_preset=\u00a0\u00bbdefault\u00a0\u00bb global_colors_info=\u00a0\u00bb{}\u00a0\u00bb][\/et_pb_image][\/et_pb_column][et_pb_column type=\u00a0\u00bb1_3&Prime; _builder_version=\u00a0\u00bb4.16&Prime; _module_preset=\u00a0\u00bbdefault\u00a0\u00bb global_colors_info=\u00a0\u00bb{}\u00a0\u00bb][et_pb_text _builder_version=\u00a0\u00bb4.16&Prime; _module_preset=\u00a0\u00bbdefault\u00a0\u00bb global_colors_info=\u00a0\u00bb{}\u00a0\u00bb]<\/p>\n<h2 style=\"text-align: center;\">Croustillants<\/h2>\n<p>Fabrication \u00e0 base d&rsquo;amandes et\/ou de noisettes, sucre et blancs d&rsquo;oeufs. Sans farine pour le plaisir des gourmands.\u00a0<\/p>\n<p>[\/et_pb_text][\/et_pb_column][et_pb_column type=\u00a0\u00bb1_3&Prime; _builder_version=\u00a0\u00bb4.16&Prime; _module_preset=\u00a0\u00bbdefault\u00a0\u00bb global_colors_info=\u00a0\u00bb{}\u00a0\u00bb][et_pb_image src=\u00a0\u00bbhttps:\/\/produits-regionaux-guillestre.fr\/wp-content\/uploads\/2021\/11\/440A2473.jpg\u00a0\u00bb title_text=\u00a0\u00bb440A2473&Prime; _builder_version=\u00a0\u00bb4.16&Prime; _module_preset=\u00a0\u00bbdefault\u00a0\u00bb global_colors_info=\u00a0\u00bb{}\u00a0\u00bb][\/et_pb_image][\/et_pb_column][\/et_pb_row][et_pb_row column_structure=\u00a0\u00bb1_4,1_4,1_4,1_4&Prime; _builder_version=\u00a0\u00bb4.16&Prime; global_colors_info=\u00a0\u00bb{}\u00a0\u00bb][et_pb_column type=\u00a0\u00bb1_4&Prime; _builder_version=\u00a0\u00bb4.16&Prime; global_colors_info=\u00a0\u00bb{}\u00a0\u00bb][et_pb_image src=\u00a0\u00bbhttps:\/\/produits-regionaux-guillestre.fr\/wp-content\/uploads\/2021\/11\/photo-guimauves.jpg\u00a0\u00bb title_text=\u00a0\u00bbphoto guimauves\u00a0\u00bb _builder_version=\u00a0\u00bb4.16&Prime; _module_preset=\u00a0\u00bbdefault\u00a0\u00bb global_colors_info=\u00a0\u00bb{}\u00a0\u00bb][\/et_pb_image][\/et_pb_column][et_pb_column type=\u00a0\u00bb1_4&Prime; _builder_version=\u00a0\u00bb4.16&Prime; global_colors_info=\u00a0\u00bb{}\u00a0\u00bb][et_pb_text _builder_version=\u00a0\u00bb4.16&Prime; _module_preset=\u00a0\u00bbdefault\u00a0\u00bb global_colors_info=\u00a0\u00bb{}\u00a0\u00bb]<\/p>\n<h2 style=\"text-align: center;\">Guimauves<\/h2>\n<p>Confiserie appr\u00e9ci\u00e9e par tous au parfum d\u00e9licat de Myrtille ou de Framboise.<\/p>\n<p>&nbsp;<\/p>\n<p>[\/et_pb_text][\/et_pb_column][et_pb_column type=\u00a0\u00bb1_4&Prime; _builder_version=\u00a0\u00bb4.16&Prime; global_colors_info=\u00a0\u00bb{}\u00a0\u00bb][et_pb_image src=\u00a0\u00bbhttps:\/\/produits-regionaux-guillestre.fr\/wp-content\/uploads\/2021\/11\/photo-pralines.jpg\u00a0\u00bb title_text=\u00a0\u00bbphoto pralines\u00a0\u00bb _builder_version=\u00a0\u00bb4.16&Prime; _module_preset=\u00a0\u00bbdefault\u00a0\u00bb global_colors_info=\u00a0\u00bb{}\u00a0\u00bb][\/et_pb_image][\/et_pb_column][et_pb_column type=\u00a0\u00bb1_4&Prime; _builder_version=\u00a0\u00bb4.16&Prime; global_colors_info=\u00a0\u00bb{}\u00a0\u00bb][et_pb_text _builder_version=\u00a0\u00bb4.16&Prime; _module_preset=\u00a0\u00bbdefault\u00a0\u00bb global_colors_info=\u00a0\u00bb{}\u00a0\u00bb]<\/p>\n<h2 style=\"text-align: center;\">Pralines<\/h2>\n<p>Douceurs faites maison<\/p>\n<p>Aux amandes, Noisettes ou cacahu\u00e8tes pour le plaisir des petits et des grands.<\/p>\n<p>&nbsp;<\/p>\n<p>[\/et_pb_text][\/et_pb_column][\/et_pb_row][\/et_pb_section]<\/p>\n","protected":false},"excerpt":{"rendered":"<p>BISCUITERIE &#8211; TARTESSABLES PUR BEURRE Toute une gamme de sabl\u00e9s pur beurre Miel\/noix, vanille\/fleur d&rsquo;oranger, orange, citron, cannelle\/orange, anis, chocolat\/gingembre, noix\/chocolat, coco. Mais aussi de croquants aux amandes sucr\u00e9s et sal\u00e9s. Les croquants sal\u00e9s sont nouveaux et seront pr\u00eats pour cet \u00e9t\u00e9 : au fromage de ch\u00e8vre ou aux herbes. &nbsp;Tarte de l&rsquo;ALPE Une tarte [&hellip;]<\/p>\n","protected":false},"author":1,"featured_media":0,"parent":0,"menu_order":0,"comment_status":"closed","ping_status":"open","template":"","meta":{"_et_pb_use_builder":"on","_et_pb_old_content":"","_et_gb_content_width":"","footnotes":""},"class_list":["post-2","page","type-page","status-publish","hentry"],"_links":{"self":[{"href":"https:\/\/produits-regionaux-guillestre.fr\/index.php\/wp-json\/wp\/v2\/pages\/2","targetHints":{"allow":["GET"]}}],"collection":[{"href":"https:\/\/produits-regionaux-guillestre.fr\/index.php\/wp-json\/wp\/v2\/pages"}],"about":[{"href":"https:\/\/produits-regionaux-guillestre.fr\/index.php\/wp-json\/wp\/v2\/types\/page"}],"author":[{"embeddable":true,"href":"https:\/\/produits-regionaux-guillestre.fr\/index.php\/wp-json\/wp\/v2\/users\/1"}],"replies":[{"embeddable":true,"href":"https:\/\/produits-regionaux-guillestre.fr\/index.php\/wp-json\/wp\/v2\/comments?post=2"}],"version-history":[{"count":11,"href":"https:\/\/produits-regionaux-guillestre.fr\/index.php\/wp-json\/wp\/v2\/pages\/2\/revisions"}],"predecessor-version":[{"id":245,"href":"https:\/\/produits-regionaux-guillestre.fr\/index.php\/wp-json\/wp\/v2\/pages\/2\/revisions\/245"}],"wp:attachment":[{"href":"https:\/\/produits-regionaux-guillestre.fr\/index.php\/wp-json\/wp\/v2\/media?parent=2"}],"curies":[{"name":"wp","href":"https:\/\/api.w.org\/{rel}","templated":true}]}}

<p>[et_pb_section fb_built= »1&Prime; _builder_version= »4.16&Prime; custom_padding= »||18px||| » global_colors_info= »{} »][et_pb_row _builder_version= »4.16&Prime; hover_enabled= »0&Prime; global_colors_info= »{} » sticky_enabled= »0&Prime;][et_pb_column type= »4_4&Prime; _builder_version= »4.16&Prime; custom_padding= »||| » global_colors_info= »{} » custom_padding__hover= »||| »][et_pb_text _builder_version= »4.16.1&Prime; text_font= »|||||||| » background_color= »rgba(255,231,145,0.37) » text_orientation= »center » custom_padding= »15px||7px » hover_enabled= »0&Prime; text_text_align= »center » global_colors_info= »{} » sticky_enabled= »0&Prime;]</p>
<h2>BISCUITERIE &#8211; TARTES</h2>
<p>[/et_pb_text][/et_pb_column][/et_pb_row][et_pb_row column_structure= »2_3,1_3&Prime; _builder_version= »4.16&Prime; global_colors_info= »{} »][et_pb_column type= »2_3&Prime; _builder_version= »4.16&Prime; global_colors_info= »{} »][et_pb_image src= »https://produits-regionaux-guillestre.fr/wp-content/uploads/2019/06/stand-biscuits.jpg » _builder_version= »4.16&Prime; global_colors_info= »{} »][/et_pb_image][/et_pb_column][et_pb_column type= »1_3&Prime; _builder_version= »4.16&Prime; global_colors_info= »{} »][et_pb_text _builder_version= »4.16&Prime; global_colors_info= »{} »]</p>
<h2 style="text-align: center;">SABLES PUR BEURRE</h2>
<p>Toute une gamme de sablés pur beurre</p>
<p>Miel/noix, vanille/fleur d&rsquo;oranger, orange, citron, cannelle/orange, anis, chocolat/gingembre, noix/chocolat, coco.</p>
<p>Mais aussi de croquants aux amandes sucrés et salés.</p>
<p>Les croquants salés sont nouveaux et seront prêts pour cet été : au fromage de chèvre ou aux herbes.</p>
<p>&nbsp;</p>
<p>[/et_pb_text][et_pb_image src= »https://produits-regionaux-guillestre.fr/wp-content/uploads/2020/11/photo-fab-biscuit.jpg » title_text= »photo fab biscuit » _builder_version= »4.16&Prime; _module_preset= »default » global_colors_info= »{} »][/et_pb_image][/et_pb_column][/et_pb_row][et_pb_row column_structure= »3_5,2_5&Prime; _builder_version= »4.16&Prime; global_colors_info= »{} »][et_pb_column type= »3_5&Prime; _builder_version= »4.16&Prime; global_colors_info= »{} »][et_pb_image src= »https://produits-regionaux-guillestre.fr/wp-content/uploads/2020/11/Alpe_Gourmande_010.jpg » title_text= »Alpe_Gourmande_010&Prime; _builder_version= »4.16&Prime; global_colors_info= »{} »][/et_pb_image][/et_pb_column][et_pb_column type= »2_5&Prime; _builder_version= »4.16&Prime; global_colors_info= »{} »][et_pb_text _builder_version= »4.16&Prime; global_colors_info= »{} »]</p>
<h2 style="text-align: center;">Tarte de l&rsquo;ALPE</h2>
<p>Une tarte à base d&rsquo;une pâte brisée pur beurre sur laquelle j&rsquo;y rajoute de la confiture faite maison. </p>
<p>A la myrtille, à la framboise</p>
<p>Mais aussi la marguerite de l&rsquo;ALPE faite avec des tartelettes à base de confitures diverses comme aabricot/pignons ou fruits secs, argousier, pomme/génépi, cassis, mûres &#8230;&#8230;. suivant nos fabrications du moment</p>
<p>[/et_pb_text][/et_pb_column][/et_pb_row][et_pb_row column_structure= »1_3,1_3,1_3&Prime; _builder_version= »4.16&Prime; _module_preset= »default » global_colors_info= »{} »][et_pb_column type= »1_3&Prime; _builder_version= »4.16&Prime; _module_preset= »default » global_colors_info= »{} »][et_pb_image src= »https://produits-regionaux-guillestre.fr/wp-content/uploads/2021/11/photo-croust.jpg » title_text= »photo croust » _builder_version= »4.16&Prime; _module_preset= »default » global_colors_info= »{} »][/et_pb_image][/et_pb_column][et_pb_column type= »1_3&Prime; _builder_version= »4.16&Prime; _module_preset= »default » global_colors_info= »{} »][et_pb_text _builder_version= »4.16&Prime; _module_preset= »default » global_colors_info= »{} »]</p>
<h2 style="text-align: center;">Croustillants</h2>
<p>Fabrication à base d&rsquo;amandes et/ou de noisettes, sucre et blancs d&rsquo;oeufs. Sans farine pour le plaisir des gourmands. </p>
<p>[/et_pb_text][/et_pb_column][et_pb_column type= »1_3&Prime; _builder_version= »4.16&Prime; _module_preset= »default » global_colors_info= »{} »][et_pb_image src= »https://produits-regionaux-guillestre.fr/wp-content/uploads/2021/11/440A2473.jpg » title_text= »440A2473&Prime; _builder_version= »4.16&Prime; _module_preset= »default » global_colors_info= »{} »][/et_pb_image][/et_pb_column][/et_pb_row][et_pb_row column_structure= »1_4,1_4,1_4,1_4&Prime; _builder_version= »4.16&Prime; global_colors_info= »{} »][et_pb_column type= »1_4&Prime; _builder_version= »4.16&Prime; global_colors_info= »{} »][et_pb_image src= »https://produits-regionaux-guillestre.fr/wp-content/uploads/2021/11/photo-guimauves.jpg » title_text= »photo guimauves » _builder_version= »4.16&Prime; _module_preset= »default » global_colors_info= »{} »][/et_pb_image][/et_pb_column][et_pb_column type= »1_4&Prime; _builder_version= »4.16&Prime; global_colors_info= »{} »][et_pb_text _builder_version= »4.16&Prime; _module_preset= »default » global_colors_info= »{} »]</p>
<h2 style="text-align: center;">Guimauves</h2>
<p>Confiserie appréciée par tous au parfum délicat de Myrtille ou de Framboise.</p>
<p>&nbsp;</p>
<p>[/et_pb_text][/et_pb_column][et_pb_column type= »1_4&Prime; _builder_version= »4.16&Prime; global_colors_info= »{} »][et_pb_image src= »https://produits-regionaux-guillestre.fr/wp-content/uploads/2021/11/photo-pralines.jpg » title_text= »photo pralines » _builder_version= »4.16&Prime; _module_preset= »default » global_colors_info= »{} »][/et_pb_image][/et_pb_column][et_pb_column type= »1_4&Prime; _builder_version= »4.16&Prime; global_colors_info= »{} »][et_pb_text _builder_version= »4.16&Prime; _module_preset= »default » global_colors_info= »{} »]</p>
<h2 style="text-align: center;">Pralines</h2>
<p>Douceurs faites maison</p>
<p>Aux amandes, Noisettes ou cacahuètes pour le plaisir des petits et des grands.</p>
<p>&nbsp;</p>
<p>[/et_pb_text][/et_pb_column][/et_pb_row][/et_pb_section]</p>

<p>BISCUITERIE &#8211; TARTESSABLES PUR BEURRE Toute une gamme de sablés pur beurre Miel/noix, vanille/fleur d&rsquo;oranger, orange, citron, cannelle/orange, anis, chocolat/gingembre, noix/chocolat, coco. Mais aussi de croquants aux amandes sucrés et salés. Les croquants salés sont nouveaux et seront prêts pour cet été : au fromage de chèvre ou aux herbes. &nbsp;Tarte de l&rsquo;ALPE Une tarte [&hellip;]</p>
